?
11, 13, 23
What are the prime factors of 31983?
3, 7, 1523
List the prime factors of 851.
23, 37
What are the prime factors of 46581?
3, 15527
What are the prime factors of 16365?
3, 5, 1091
What are the prime factors of 10516?
2, 11, 239
List the prime factors of 126.
2, 3, 7
What are the prime factors of 6350?
2, 5, 127
What are the prime factors of 3933?
3, 19, 23
What are the prime factors of 36?
2, 3
List the prime factors of 3148.
2, 787
List the prime factors of 344.
2, 43
List the prime factors of 1918.
2, 7, 137
List the prime factors of 693.
3, 7, 11
List the prime factors of 920.
2, 5, 23
List the prime factors of 4101.
3, 1367
What are the prime factors of 914?
2, 457
What are the prime factors of 81?
3
List the prime factors of 35010.
2, 3, 5, 389
List the prime factors of 3914.
2, 19, 103
List the prime factors of 9195.
3, 5, 613
What are the prime factors of 6526?
2, 13, 251
List the prime factors of 17613.
3, 19, 103
What are the prime factors of 4958?
2, 37, 67
List the prime factors of 13306.
2, 6653
List the prime factors of 8657.
11, 787
What are the prime factors of 38978?
2, 19489
List the prime factors of 962.
2, 13, 37
List the prime factors of 2390.
2, 5, 239
What are the prime factors of 40833?
3, 13, 349
List the prime factors of 320.
2, 5
List the prime factors of 3203.
3203
List the prime factors of 1369.
37
List the prime factors of 14880.
2, 3, 5, 31
List the prime factors of 4157.
4157
What are the prime factors of 65496?
2, 3, 2729
List the prime factors of 40911.
3, 13, 1049
What are the prime factors of 5372?
2, 17, 79
List the prime factors of 1336.
2, 167
What are the prime factors of 1119?
3, 373
What are the prime factors of 107?
107
What are the prime factors of 67963?
7, 19, 73
What are the prime factors of 23537?
23537
List the prime factors of 1022.
2, 7, 73
What are the prime factors of 2513?
7, 359
List the prime factors of 78033.
3, 19, 37
List the prime factors of 992.
2, 31
What are the prime factors of 75047?
7, 71, 151
What are the prime factors of 776?
2, 97
List the prime factors of 477.
3, 53
What are the prime factors of 659?
659
List the prime factors of 7443.
3, 827
What are the prime factors of 57038?
2, 19, 79
List the prime factors of 37343.
107, 349
List the prime factors of 4307.
59, 73
What are the prime factors of 1022?
2, 7, 73
What are the prime factors of 2144?
2, 67
What are the prime factors of 1476?
2, 3, 41
List the prime factors of 29808.
2, 3, 23
What are the prime factors of 949?
13, 73
What are the prime factors of 124598?
2, 62299
List the prime factors of 218.
2, 109
List the prime factors of 1721.
1721
What are the prime factors of 88949?
7, 97, 131
List the prime factors of 246.
2, 3, 41
List the prime factors of 368.
2, 23
What are the prime factors of 1503?
3, 167
What are the prime factors of 4650?
2, 3, 5, 31
What are the prime factors of 444?
2, 3, 37
What are the prime factors of 139772?
2, 83, 421
What are the prime factors of 611?
13, 47
List the prime factors of 14655.
3, 5, 977
What are the prime factors of 276?
2, 3, 23
What are the prime factors of 13313?
13313
List the prime factors of 143813.
143813
List the prime factors of 1136.
2, 71
What are the prime factors of 3384?
2, 3, 47
What are the prime factors of 21055?
5, 4211
What are the prime factors of 43?
43
List the prime factors of 4282.
2, 2141
What are the prime factors of 5127?
3, 1709
What are the prime factors of 231?
3, 7, 11
List the prime factors of 664.
2, 83
What are the prime factors of 72?
2, 3
List the prime factors of 2983.
19, 157
List the prime factors of 4005.
3, 5, 89
List the prime factors of 10532.
2, 2633
List the prime factors of 1069.
1069
List the prime factors of 19101.
3, 6367
List the prime factors of 3767.
3767
List the prime factors of 32011.
7, 17, 269
What are the prime factors of 15462?
2, 3, 859
What are the prime factors of 3187?
3187
What are the prime factors of 14606?
2, 67, 109
List the prime factors of 1759.
1759
What are the prime factors of 144800?
2, 5, 181
What are the prime factors of 3714?
2, 3, 619
List the prime factors of 1136.
2, 71
List the prime factors of 3535.
5, 7, 101
What are the prime factors of 864?
2, 3
List the prime factors of 29293.
11, 2663
What are the prime factors of 16983?
3, 17, 37
List the prime factors of 107331.
3, 7, 19, 269
List the prime factors of 881.
881
List the prime factors of 749.
7, 107
What are the prime factors of 1797?
3, 599
List the prime factors of 853.
853
List the prime factors of 15899.
13, 1223
What are the prime factors of 9150?
2, 3, 5, 61
What are the prime factors of 255?
3, 5, 17
What are the prime factors of 1515?
3, 5, 101
List the prime factors of 80654.
2, 7, 823
List the prime factors of 31130.
2, 5, 11, 283
List the prime factors of 468.
2, 3, 13
List the prime factors of 17858.
2, 8929
What are the prime factors of 5446?
2, 7, 389
List the prime factors of 4759.
4759
List the prime factors of 112788.
2, 3, 13, 241
What are the prime factors of 1487?
1487
What are the prime factors of 72731?
257, 283
List the prime factors of 779.
19, 41
What are the prime factors of 221?
13, 17
List the prime factors of 926.
2, 463
What are the prime factors of 997?
997
What are the prime factors of 1825?
5, 73
What are the prime factors of 4277?
7, 13, 47
List the prime factors of 666.
2, 3, 37
What are the prime factors of 47750?
2, 5, 191
List the prime factors of 1744.
2, 109
What are the prime factors of 1095?
3, 5, 73
What are the prime factors of 1320?
2, 3, 5, 11
What are the prime factors of 4107?
3, 37
What are the prime factors of 29644?
2, 7411
What are the prime factors of 8563?
8563
What are the prime factors of 3531?
3, 11, 107
List the prime factors of 1406.
2, 19, 37
List the prime factors of 1209.
3, 13, 31
What are the prime factors of 1689?
3, 563
List the prime factors of 1518.
2, 3, 11, 23
List the prime factors of 2678.
2, 13, 103
List the prime factors of 12493.
13, 31
List the prime factors of 2710.
2, 5, 271
List the prime factors of 6356.
2, 7, 227
List the prime factors of 255.
3, 5, 17
What are the prime factors of 20094?
2, 3, 17, 197
List the prime factors of 14253.
3, 4751
What are the prime factors of 11340?
2, 3, 5, 7
List the prime factors of 843.
3, 281
List the prime factors of 12647.
12647
List the prime factors of 4014.
2, 3, 223
What are the prime factors of 195?
3, 5, 13
List the prime factors of 7810.
2, 5, 11, 71
What are the prime factors of 5010?
2, 3, 5, 167
List the prime factors of 6522.
2, 3, 1087
List the prime factors of 41028.
2, 3, 13, 263
What are the prime factors of 9560?
2, 5, 239
What are the prime factors of 28538?
2, 19, 751
List the prime factors of 44288.
2, 173
List the prime factors of 2163.
3, 7, 103
List the prime factors of 3618.
2, 3, 67
List the prime factors of 21677.
53, 409
List the prime factors of 975.
3, 5, 13
List the prime factors of 7750.
2, 5, 31
List the prime factors of 19653.
3, 6551
What are the prime factors of 16197?
3, 5399
List the prime factors of 3053.
43, 71
What are the prime factors of 79282?
2, 7, 809
What are the prime factors of 1710?
2, 3, 5, 19
List the prime factors of 26051.
109, 239
What are the prime factors of 1101?
3, 367
List the prime factors of 22310.
2, 5, 23, 97
List the prime factors of 3882.
2, 3, 647
List the prime factors of 4324.
2, 23, 47
What are the prime factors of 273?
3, 7, 13
What are the prime factors of 29587?
29587
What are the prime factors of 1407?
3, 7, 67
What are the prime factors of 12783?
3, 4261
List the prime factors of 44053.
44053
List the prime factors of 10035.
3, 5, 223
What are the prime factors of 5366?
2, 2683
List the prime factors of 68.
2, 17
What are the prime factors of 86055?
3, 5, 5737
List the prime factors of 6267.
3, 2089
What are the prime factors of 1688?
2, 211
List the prime factors of 1316.
2, 7, 47
What are the prime factors of 57587?
57587
What are the prime factors of 10534?
2, 23, 229
What are the prime factors of 347?
347
List the prime factors of 74496.
2, 3, 97
What are the prime factors of 1023?
3, 11, 31
List the prime factors of 439.
439
List the prime factors of 964.
2, 241
List the prime factors of 23451.
3, 7817
What are the prime factors of